64.
132
What is the greatest common factor of 21 and 987?
21
Calculate the highest common divisor of 10 and 25.
5
Calculate the highest common divisor of 506 and 138.
46
What is the greatest common factor of 114 and 874?
38
Calculate the greatest common divisor of 13 and 6669.
13
What is the highest common divisor of 304 and 57?
19
Calculate the greatest common factor of 264 and 120.
24
Calculate the highest common factor of 23 and 15847.
23
Calculate the greatest common factor of 22 and 1408.
22
What is the highest common divisor of 13 and 6851?
13
What is the highest common divisor of 287 and 164?
41
Calculate the greatest common factor of 714 and 1323.
21
Calculate the highest common divisor of 50 and 175.
25
What is the highest common factor of 175 and 49?
7
What is the highest common factor of 25 and 2525?
25
What is the greatest common divisor of 42 and 762?
6
Calculate the greatest common factor of 108 and 1116.
36
Calculate the greatest common factor of 96 and 352.
32
Calculate the greatest common factor of 115 and 15.
5
Calculate the greatest common divisor of 2232 and 6.
6
Calculate the highest common divisor of 6 and 678.
6
Calculate the greatest common divisor of 3811 and 37.
37
Calculate the highest common factor of 189 and 513.
27
What is the highest common factor of 2556 and 36?
36
What is the highest common divisor of 3684 and 24?
12
Calculate the greatest common divisor of 299 and 69.
23
Calculate the highest common divisor of 108 and 270.
54
Calculate the greatest common factor of 4 and 212.
4
Calculate the highest common factor of 25 and 75.
25
What is the highest common factor of 390 and 45?
15
Calculate the greatest common factor of 26 and 11804.
26
Calculate the highest common factor of 5920 and 160.
160
What is the greatest common divisor of 1218 and 783?
87
What is the highest common factor of 90 and 340?
10
Calculate the greatest common factor of 294 and 11319.
147
Calculate the greatest common factor of 39 and 143.
13
What is the greatest common factor of 77 and 44?
11
Calculate the highest common factor of 2568 and 48.
24
Calculate the greatest common divisor of 320 and 20.
20
Calculate the highest common factor of 33 and 55.
11
What is the greatest common factor of 36408 and 48?
24
Calculate the highest common factor of 248 and 8.
8
Calculate the greatest common factor of 60 and 110.
10
What is the highest common divisor of 3211 and 57?
19
What is the highest common factor of 221 and 34?
17
What is the greatest common divisor of 629 and 68?
17
Calculate the greatest common divisor of 26 and 286.
26
Calculate the highest common divisor of 290 and 130.
10
Calculate the highest common divisor of 147 and 63.
21
What is the highest common divisor of 306 and 18?
18
What is the greatest common factor of 147 and 53067?
147
What is the greatest common factor of 32 and 4232?
8
Calculate the greatest common divisor of 36 and 10188.
36
What is the greatest common factor of 20 and 1460?
20
Calculate the highest common divisor of 455 and 130.
65
What is the greatest common factor of 297 and 54?
27
What is the highest common divisor of 580 and 10?
10
Calculate the greatest common factor of 7272 and 72.
72
Calculate the highest common divisor of 37 and 1332.
37
Calculate the highest common factor of 166 and 6.
2
What is the greatest common divisor of 9 and 333?
9
What is the greatest common divisor of 224 and 80?
16
Calculate the highest common divisor of 1334 and 58.
58
What is the greatest common factor of 371 and 14?
7
Calculate the greatest common divisor of 164 and 41.
41
What is the greatest common divisor of 228 and 1956?
12
What is the greatest common factor of 279 and 4371?
93
What is the greatest common divisor of 6 and 122?
2
What is the greatest common factor of 6630 and 2805?
255
What is the greatest common divisor of 126 and 441?
63
Calculate the highest common divisor of 4557 and 62.
31
What is the greatest common divisor of 2252 and 4?
4
Calculate the highest common divisor of 425 and 119.
17
Calculate the greatest common divisor of 8240 and 80.
80
What is the highest common divisor of 84 and 126?
42
What is the greatest common divisor of 15 and 81?
3
What is the greatest common divisor of 360 and 1350?
90
What is the highest common factor of 689 and 2743?
13
What is the highest common factor of 2959 and 33?
11
Calculate the greatest common divisor of 27 and 735.
3
What is the highest common divisor of 28 and 56?
28
What is the highest common divisor of 3376 and 48?
16
Calculate the greatest common factor of 12 and 108.
12
What is the highest common factor of 40 and 4040?
40
Calculate the greatest common factor of 246 and 4797.
123
What is the highest common factor of 17313 and 261?
87
Calculate the highest common divisor of 56 and 416.
8
What is the highest common divisor of 54880 and 160?
160
What is the highest common factor of 30 and 3165?
15
What is the highest common divisor of 20 and 32?
4
Calculate the highest common divisor of 14 and 777.
7
Calculate the highest common divisor of 1800 and 32.
8
What is the greatest common divisor of 928 and 406?
58
What is the highest common divisor of 387 and 29928?
129
Calculate the greatest common divisor of 15 and 417.
3
What is the highest common divisor of 277 and 5263?
277
What is the greatest common divisor of 440 and 20?
20
What is the greatest common divisor of 69 and 989?
23
Calculate the highest common divisor of 14 and 70.
14
What is the highest common divisor of 392 and 28?
28
Calculate the highest common divisor of 12 and 9276.
12
Calculate the highest common divisor of 10 and 1050.
10
Calculate the greatest common divisor of 50 and 1160.
10
What is the highest common divisor of 64 and 848?
16
Calculate the greatest common factor of 10 and 250.
10
What is the highest common divisor of 23 and 5888?
23
Calculate the greatest common factor of 17 and 340.
17
What is the highest common factor of 2209 and 94?
47
Calculate the greatest common divisor of 238 and 6.
2
What is the highest common divisor of 2106 and 486?
162
Calculate the greatest common factor of 71 and 1.
1
Calculate the greatest common factor of 184 and 6.
2
Calculate the highest common divisor of 658 and 728.
14
What is the greatest common divisor of 61 and 2?
1
What is the greatest common factor of 1135 and 5?
5
Calculate the greatest common factor of 2499 and 17.
17
What is the greatest common factor of 407 and 74?
37
Calculate the greatest common divisor of 58 and 1421.
29
Calculate the greatest common factor of 156 and 36426.
78
Calculate the greatest common factor of 9 and 6687.
9
What is the greatest common divisor of 110 and 198?
22
What is the highest common divisor of 3976 and 56?
56
What is the greatest common factor of 255 and 5440?
85
What is the highest common factor of 212 and 159?
53
What is the highest common factor of 4189 and 1207?
71
Calculate the highest common divisor of 270 and 1278.
18
What is the greatest common divisor of 6470 and 10?
10
Calculate the greatest common divisor of 38 and 247.
19
What is the highest common factor of 24 and 3072?
24
Calculate the highest common divisor of 572 and 275.
11
Calculate the greatest common divisor of 1095 and 75.
15
What is the highest common divisor of 239 and 26051?
239
Calculate the highest common divisor of 17 and 1887.
17
What is the highest common factor of 682 and 462?
22
Calculate the highest common divisor of 17 and 493.
17
What is the highest common factor of 1275 and 25?
25
Calculate the highest common factor of 143 and 208.
13
What is the highest common divisor of 35 and 329?
7
What is the greatest common factor of 104 and 5174?
26
Calculate the greatest common divisor of 14 and 1666.
14
What is the greatest common divisor of 144 and 11592?
72
Calculate the highest common divisor of 63 and 504.
63
What is the greatest common factor of 522 and 609?
87
Calculate the highest common divisor of 2512 and 128.
16
What is the greatest common divisor of 7 and 3696?
7
What is the highest common factor of 10 and 2?
2
Calculate the greatest common divisor of 9 and 279.
9
Calculate the greatest common divisor of 5 and 535.
5
What is the highest common divisor of 279 and 126?
9
What is the highest common divisor of 120 and 108?
12
W